 the units digit of 1160?
0
What is the tens digit of 95?
9
What is the thousands digit of 42301?
2
What is the tens digit of 1782?
8
What is the units digit of 58995?
5
What is the units digit of 19851?
1
What is the tens digit of 605?
0
What is the ten thousands digit of 64296?
6
What is the units digit of 32649?
9
What is the hundreds digit of 786?
7
What is the hundreds digit of 5703?
7
What is the tens digit of 56712?
1
What is the thousands digit of 1513?
1
What is the hundreds digit of 114684?
6
What is the tens digit of 3127?
2
What is the hundreds digit of 19543?
5
What is the tens digit of 25568?
6
What is the tens digit of 49227?
2
What is the tens digit of 29396?
9
What is the tens digit of 95278?
7
What is the tens digit of 131?
3
What is the tens digit of 62467?
6
What is the tens digit of 1517?
1
What is the hundreds digit of 6817?
8
What is the hundreds digit of 6641?
6
What is the units digit of 261?
1
What is the hundreds digit of 27703?
7
What is the units digit of 2628?
8
What is the hundreds digit of 1925?
9
What is the thousands digit of 25659?
5
What is the units digit of 13477?
7
What is the tens digit of 3365?
6
What is the thousands digit of 4203?
4
What is the units digit of 73?
3
What is the units digit of 2588?
8
What is the units digit of 1104?
4
What is the thousands digit of 10660?
0
What is the thousands digit of 6085?
6
What is the ten thousands digit of 64974?
6
What is the tens digit of 5986?
8
What is the thousands digit of 3749?
3
What is the ten thousands digit of 96645?
9
What is the hundreds digit of 1084?
0
What is the units digit of 5800?
0
What is the tens digit of 4526?
2
What is the thousands digit of 1112?
1
What is the units digit of 5991?
1
What is the thousands digit of 8826?
8
What is the units digit of 525?
5
What is the hundreds digit of 11420?
4
What is the tens digit of 240?
4
What is the thousands digit of 2345?
2
What is the units digit of 659?
9
What is the thousands digit of 1423?
1
What is the thousands digit of 1900?
1
What is the hundreds digit of 6977?
9
What is the hundreds digit of 2432?
4
What is the tens digit of 676?
7
What is the hundreds digit of 1398?
3
What is the thousands digit of 32714?
2
What is the thousands digit of 16426?
6
What is the units digit of 2729?
9
What is the hundreds digit of 1415?
4
What is the units digit of 3283?
3
What is the hundreds digit of 217?
2
What is the units digit of 1320?
0
What is the tens digit of 51326?
2
What is the thousands digit of 48230?
8
What is the tens digit of 4602?
0
What is the ten thousands digit of 19437?
1
What is the hundreds digit of 59601?
6
What is the hundreds digit of 3059?
0
What is the thousands digit of 5029?
5
What is the thousands digit of 4213?
4
What is the hundreds digit of 1131?
1
What is the tens digit of 14620?
2
What is the ten thousands digit of 30880?
3
What is the thousands digit of 20449?
0
What is the thousands digit of 17513?
7
What is the units digit of 50?
0
What is the tens digit of 2675?
7
What is the tens digit of 457?
5
What is the thousands digit of 1069?
1
What is the tens digit of 8107?
0
What is the units digit of 152559?
9
What is the units digit of 30327?
7
What is the units digit of 35268?
8
What is the hundreds digit of 3899?
8
What is the tens digit of 8399?
9
What is the tens digit of 1111?
1
What is the units digit of 60?
0
What is the tens digit of 747?
4
What is the thousands digit of 99882?
9
What is the tens digit of 1087?
8
What is the tens digit of 2176?
7
What is the hundreds digit of 1360?
3
What is the tens digit of 76263?
6
What is the units digit of 1764?
4
What is the units digit of 9709?
9
What is the units digit of 619?
9
What is the thousands digit of 7126?
7
What is the units digit of 28075?
5
What is the ten thousands digit of 21177?
2
What is the tens digit of 267?
6
What is the ten thousands digit of 11355?
1
What is the hundreds digit of 395?
3
What is the units digit of 32?
2
What is the thousands digit of 94905?
4
What is the hundreds digit of 2215?
2
What is the units digit of 27307?
7
What is the tens digit of 463?
6
What is the units digit of 1008?
8
What is the thousands digit of 2751?
2
What is the units digit of 15156?
6
What is the tens digit of 60?
6
What is the tens digit of 97597?
9
What is the hundreds digit of 49700?
7
What is the thousands digit of 3086?
3
What is the units digit of 1212?
2
What is the hundreds digit of 495?
4
What is the units digit of 813?
3
What is the units digit of 23943?
3
What is the units digit of 5559?
9
What is the tens digit of 127?
2
What is the tens digit of 263?
6
What is the hundreds digit of 50142?
1
What is the thousands digit of 2531?
2
What is the thousands digit of 2185?
2
What is the units digit of 17744?
4
What is the thousands digit of 12775?
2
What is the hundreds digit of 476?
4
What is the ten thousands digit of 30457?
3
What is the hundreds digit of 643?
6
What is the hundreds digit of 13381?
3
What is the units digit of 68667?
7
What is the ten thousands digit of 84921?
8
What is the tens digit of 814?
1
What is the units digit of 10768?
8
What is the units digit of 24885?
5
What is the hundreds digit of 12416?
4
What is the units digit of 4531?
1
What is the units digit of 3153?
3
What is the thousands digit of 51559?
1
What is the hundred thousands digit of 156073?
1
What is the units digit of 1612?
2
What is the hundreds digit of 54216?
2
What is the ten thousands digit of 30346?
3
What is the thousands digit of 125524?
5
What is the units digit of 249?
9
What is the thousands digit of 1088?
1
What is the tens digit of 340?
4
What is the tens digit of 3492?
9
What is the tens digit of 109642?
4
What is the ten thousands digit of 52385?
5
What is the units digit of 166282?
2
What is the tens digit of 110715?
1
What is the units digit of 7162?
2
What is the hundreds digit of 14885?
8
What is the thousands digit of 5608?
5
What is the hundreds digit of 26077?
0
What is the hundreds digit of 48244?
2
What is the hundreds digit of 2352?
3
What is the units digit of 52?
2
What is the units digit of 10856?
6
What is the hundreds digit of 1297?
2
What is the thousands digit of 6088?
6
What is the tens digit of 228?
2
What is the hundreds digit of 668?
6
What is the hundreds digit of 81740?
7
What is the units digit of 8804?
4
What is the units digit of 4627?
7
What is the thousands digit of 3169?
3
What is the hundreds digit of 22049?
0
What is the thousands digit of 6508?
6
What is the units digit of 21587?
7
What is the thousands digit of 1727?
1
What is the tens digit of 802?
0
What is the thousands digit of 4423?
4
What is the thousands digit of 2136?
2
What is the hundreds digit of 9209?
2
What is the ten thousands digit of 145901?
4
What is the hundreds digit of 6925?
9
What is the units digit of 11587?
7
What is the units digit of 40809?
9
What is the hundreds digit of 63116?
1
What is the tens digit of 45393?
9
What is the thousands digit of 11387?
1
What is the tens digit of 41?
4
What is the hundreds digit of 619?
6
What is the thousands digit of 9739?
9
What is the hundreds digit of 7066?
0
What is the tens digit of 964?
6
What is the ten thousands digit of 91650?
9
What is the units digit of 959?
9
What is the thousands digit of 9583?
9
What is the hundreds digit of 82356?
3
What is the thousands digit of 1814?
1
What is the hundreds digit of 543?
5
What is the hundreds digit of 31048?
0
What is the hundreds digit of 6825?
8
What is the hundreds digit of 5994?
9
What is the hundreds digit of 167?
1
What is the units digit of 559?
9
What is the units digit of 1434?
4
What is the units digit of 2989?
9
What is the thousands digit of 2479?
2
What is the units digit of 12885?
5
What is the hundreds digit of 974?
9
What is the units digit of 24469?
9
What is the hundreds digit of 2077?
0
What is the hundreds digit of 21316?
3
What is the units digit of 25938?
8
What is the units digit of 50072?
2
What is the thousands digit of 3519?
3
What is the tens digit of 6838?
3
What is the thousands digit of 10748?
0
What is the hundreds digit of 21779?
7
What is the units digit of 15824?
4
What is the hundreds digit of 36504?
5
What is the units digit of 13519?
9
What is the thousands digit of 38276?
8
Wh